2 + 1/60*k**6 + 0*k + 0 - 1/20*k**5 - k**3. What is the units digit of d(4)?
0
Let n(l) = 3546*l + 51. Let q be n(-6). What is the tens digit of ((-2)/3)/(-5*(-10)/q)?
8
Let m(r) be the first derivative of -9*r - 1/3*r**3 - 1 - 11/2*r**2. What is the tens digit of m(-5)?
2
Suppose -30*f + 33*f = 21. Let p(t) = -4*t + 25. Let n be p(f). Let m = 163 + n. What is the hundreds digit of m?
1
Let o = -100 - -151. Let t = -7962 - -7989. Let h = o - t. What is the units digit of h?
4
Let y = -491 + 479. What is the hundreds digit of (y/5)/(18/(-5340))?
7
What is the units digit of 32949/7 - 0/(36/(-6))?
7
Suppose 4*w + w - 50 = 0. Suppose 4 + w = 2*c. Suppose -147 = -c*s + 7. What is the tens digit of s?
2
Suppose -312*n = -71*n - 6443321 + 1125174. What is the units digit of n?
7
Let r = 32 - 32. Suppose 0 = 5*x - t - 2*t - 1622, r = -x + 3*t + 322. What is the tens digit of x?
2
Suppose 2*b - 438 = 106. Let z be (1 + b/(-12))*3. What is the tens digit of (-1)/(-5) - 5707/z?
8
Let k = 897 - 897. Suppose k = c - 6*b + 8*b - 2123, -3*c + 6354 = b. What is the hundreds digit of c?
1
Let s be (-6*1)/((-3)/2). Suppose 98*v + 1368 = 100*v. Suppose 0 = t - 4, -t = s*o - 5*t - v. What is the hundreds digit of o?
1
Suppose -5*c = 878 + 47. Let f = 263 + c. What is the tens digit of f?
7
Let m = 29 - 13. Suppose -3*z + j = -m, -3*z - 2*j + 6 + 7 = 0. Suppose 0*t = -4*c + 5*t + 403, -189 = -2*c + z*t. What is the units digit of c?
7
Let a(u) = -25*u**2 - 8*u - 14. Let g be a(-5). Let b = g - -954. What is the hundreds digit of b?
3
Suppose 0*v = v - 17. Suppose -4*m + v = -u, 3*u - 8*u + 15 = 0. Suppose -m*a - 195 = -540. What is the tens digit of a?
6
Suppose -2*j = 2*m - 176402, 88237 = -12*m + 13*m - 5*j. What is the thousands digit of m?
8
Suppose -2 = o, 3*w - 1120 = w - 4*o. Let t = 368 - w. Let p = -115 - t. What is the tens digit of p?
8
Suppose -78684*d + 37332 = -78667*d. What is the units digit of d?
6
Let n(p) = 2*p**3 - 14*p**2 + 3*p + 15. Let q be n(11). Suppose l + j + 4*j = 1020, q = l + 3*j. What is the hundreds digit of l?
0
Suppose 0 = 2*z - b - 55208, 2*z + 8510 = 4*b + 63730. What is the hundreds digit of z?
6
Suppose -4*q - 2*f + 75910 = 0, 8*f - 10*f = -q + 18990. What is the tens digit of q?
8
Let f = 54 - 61. Let c = 364 + f. What is the hundreds digit of c?
3
Let u = 3451 + -1594. What is the units digit of u?
7
Let d(f) = -34*f**3 - 15*f**2 + 60*f - 17. What is the units digit of d(-7)?
0
Let a(z) = -z**2 + 192*z + 4. What is the hundreds digit of a(17)?
9
Let g(p) = -p**3 - 27*p**2 + 26*p - 53. Let m be g(-28). What is the units digit of (2 + m)*(-1)/(-6)*6?
5
Let a(k) = -15*k**3 + k**2 - 433*k - 3416. What is the thousands digit of a(-8)?
7
Let q(j) = j + 6. Let h be q(-6). Suppose x - 4*d = 2*x - 13, h = 3*x - d - 104. What is the units digit of x?
3
Let n(a) = a**3 + 3*a**2 - 52*a - 7. Let z be n(6). Let g(v) = 5*v**3 - 2*v**2 - 20*v - 1. What is the tens digit of g(z)?
7
Let s(m) = -15*m**3 - 2. Suppose 54 - 18 = -18*c. What is the tens digit of s(c)?
1
Let s(t) = -10*t + 368. Let z be s(36). Let a be (5/3)/((-1)/(-24)). Suppose -z = -3*u + a. What is the tens digit of u?
1
Let b(i) = 72*i**3 - i**2 + 2*i - 2. Suppose -5 + 13 = 8*u. Let t be u/(-3) + (-12)/(-9). What is the tens digit of b(t)?
7
Let m(h) = 5*h**2 + h + 70. Let f be m(13). Suppose 0*k + 2*k + 1854 = 4*p, -2*p + f = -2*k. What is the hundreds digit of p?
4
Let h = 69 - 6. Let n = h + -7. What is the units digit of n?
6
Let m(v) = -v**3 - 8*v**2 - 11*v + 6. Let f be m(-6). Suppose f = 3*z + 5*i + 37, 5*i - 7 = -32. What is the units digit of (-306)/z - 12/(-8)?
8
Let w(m) = m**2 - 7*m - 15. Let f = -25 + 27. Suppose -3*n - 2*l + 39 = 0, f*l + 1 - 29 = -2*n. What is the units digit of w(n)?
9
Let f = 296 + -124. Let t = -256 - -147. Let b = t + f. What is the tens digit of b?
6
Suppose -164*d + 656927 - 153499 + 560604 = 0. What is the hundreds digit of d?
4
Suppose -11*n + 9*n + 22 = 0. Suppose n*x = -x. Suppose 2*q + d = 6*q - 823, -3*q - 5*d + 646 = x. What is the hundreds digit of q?
2
Let g(w) = -30*w + 10*w + 11 - 13*w - w**2. What is the hundreds digit of g(-24)?
2
Suppose -5*x + u + 23043 = 5*u, 0 = 5*x - 5*u - 23070. What is the tens digit of (-1)/(-5) - x/(-145)?
3
Let u(v) = -70*v + 129. Let a be u(-21). Suppose -a + 4915 = 4*k. What is the units digit of k?
9
Let x be (-111)/(-15) + (-2)/5. Suppose -5 + 26 = x*a. Suppose 6*y = a*y + 165. What is the tens digit of y?
5
Suppose -10*o - 3*o + 1209 = 0. Let x = 258 - o. What is the units digit of x?
5
Let n(a) = a**3 - 3*a**2 - 22*a - 6. Let l be n(-4). Let s be 45/l*8/(-3). Suppose -2*q - h = -408, s*q + q + h - 1023 = 0. What is the tens digit of q?
0
Let t = 375 - 197. Suppose 2*w - 904 = -t. What is the units digit of w?
3
Let i be 10/(-1) + (4 - 6)*-2. What is the units digit of -2*(-372)/(-18)*18/i?
4
Let y be (-4)/6*(-108)/8 + -4. Let l be (-6 - -6) + y + -2. What is the tens digit of (2 - (-77)/2)*2 - l?
7
Let d(a) = 2*a**3 - 7*a**2 - 26*a - 2. Let l be d(6). Suppose 0*w - 4 = -2*w. Suppose 5*v - l = x, 0*x = 3*v + w*x - 21. What is the units digit of v?
5
Let s be (-3 + 1)/((-69)/(-2070)). Suppose -2*c + c - 18 = 0. Let r = c - s. What is the tens digit of r?
4
Let a = -27 + 33. Suppose 50 = a*k + 8. What is the units digit of k?
7
Let u = -34 - -38. Suppose u*j + 15 = w, 3*j = 4 - 13. Suppose -5*r = -4*f - r + 440, w*r = 4*f - 442. What is the hundreds digit of f?
1
What is the thousands digit of 32034 + 0 + -247*(-4)/76?
2
Suppose 0 = -2*w + 29 + 13. Let l(k) = -7*k - 7*k**2 + k**2 + 5*k**2 - 44 + 34*k. What is the tens digit of l(w)?
8
Let q(f) = f**3 + 7*f**2 - 9*f - 1. Let l be q(-8). Let h = 344 - -552. Suppose l*w + 7*w = h. What is the units digit of w?
4
Suppose -82*z + 2362 = -80*z. Let t = -841 + z. What is the tens digit of t?
4
Let q be (-22 - -18) + (-9 - (-1 + 2)). Let o = q - -205. What is the hundreds digit of o?
1
Let y = 706 - 670. What is the tens digit of 16/(-3)*(y - 258)?
8
Let d = 8749 - 3369. What is the thousands digit of d?
5
Let w = -2791 + 4726. Suppose w - 18302 = -13*d. What is the hundreds digit of d?
2
Let y = -9893 - -17252. What is the thousands digit of y?
7
Let p = 37 + -27. Suppose -2*h = 3*h - p. What is the hundreds digit of -4 + 1 - h/(10/(-885))?
1
Suppose 6*o + 4260 = 15246. Let n = o - 1240. What is the hundreds digit of n?
5
Suppose -5*s + 1439 = -3*i, -s - 4*s - 5*i + 1455 = 0. Suppose 0 = -2*k - 3*c + s, 4*k - k - 5*c = 424. What is the hundreds digit of k?
1
Suppose 20328 = 4*m - 0*h - 2*h, -3*m + 3*h = -15249. What is the tens digit of m?
8
Let l = 1587 - 184. Let f = l + -937. What is the units digit of f?
6
Let f = 1436 - 1429. Let p(b) = 3*b - 2 - 3*b - b - b**3 + 8*b**2. What is the tens digit of p(f)?
4
Let x = -11964 - -19861. What is the units digit of x?
7
Suppose 17*g = 18*g - 3. Suppose -5*u = p + 76, -4*p = g*u - 5*u + 260. What is the units digit of (-11)/(p/(-24)) + (2 - -250)?
8
Let r(w) = 2*w**3 - 15*w**2 - 17*w + 482. What is the units digit of r(17)?
4
Suppose 0 = 57*p - 92623 - 1086479. What is the ten thousands digit of p?
2
Let y = -125 - -135. Suppose -3*p - 14 = -2*g, 3*p = 6*p - 4*g + y. What is the tens digit of ((-120)/(-5))/p - -41?
3
Suppose -4*l + 1327 + 1421 = 0. Let u = 1060 - l. What is the hundreds digit of u?
3
Let k be ((-10)/3)/((-12)/(-36)). Let l(a) = -a**3 - 8*a**2 + 10*a - 16. Let q be l(k). What is the hundreds digit of (4 + 15/(-6))*q*1?
1
Suppose -3*d + 13 = 3*g - 17, 5*d = 2*g + 57. Let o(b) = b**2 - 14*b + 18. Let v be o(d). What is the units digit of 169/1 + v + 18?
2
Let s(f) = -f - 32. Let x be s(-12). Let m be x - -24 - 0*1/2. Suppose w - 4*t - 98 = 0, 0*w = m*w - 5*t - 381. What is the units digit of w?
4
Let g = -84 + 86. Let a be (g - -4)*3*2/9. Suppose -26 = 3*k + 3*j - 113, -3*k = a*j - 83. What is the units digit of k?
3
Let j be (-4)/(-50)*-5*215*-2. Let t = 228 + j. What is the tens digit of t?
0
Let f(i) = 4*i**2 - 4. Let c be f(-2). Let b(u) = 5*u**2 + 17*u + 14. What is the tens digit of b(c)?
3
Suppose 0 = 4*p + k - 28483, -4*k = p - 752 - 6395. What is the tens digit of p?
1
Let s = -123 - -1475. Suppose -3*x - 2038 = z, -x + 4*z + s = -3*x. What is the tens digit of ((-3)/(-6))/((-2045)